aluate -6 - (-1 - (-12 + 12)).
-5
What is the value of (-3 - (-4 + 2 - 5)) + -5?
-1
What is the value of (-23 + 7 - -8) + 3?
-5
What is the value of (-6 - (-2 - 4)) + (0 - -4)?
4
What is -17 + 6 + 0 - -6?
-5
-2 - (1 + 1 + 1)
-5
Evaluate 7 - (3 + -5 + 3).
6
Evaluate -1 + 5 + 1 + (1 - 2).
4
What is (0 - -2) + -4 + -4?
-6
What is -6 - -1 - -10 - -1?
6
2 + -8 + (8 - 1)
1
-3 + 0 + (3 - (-1 - 0))
1
Calculate -5 + 1 - (-18 - (4 - 17)).
1
Calculate (-34 - -28) + (1 - 0).
-5
Evaluate 5 + (0 - 1) - 12.
-8
Calculate 1 + 1 + (-4 - (3 + -1)).
-4
What is the value of 0 - 3 - (-4 - -6)?
-5
5 + (-3 - 1) + (-9 - -18)
10
What is the value of 0 - -4 - (1 + 3)?
0
Evaluate -4 + (-1 - (7 - 10) - -8).
6
What is -4 - -5 - (1 + -4) - 2?
2
What is the value of -6 + 11 - 7 - 1?
-3
Calculate 4 + -3 + (0 - -4) + -6.
-1
-7 + 4 + (4 - 6)
-5
What is -4 + 6 - 7 - -4?
-1
What is the value of -4 - -3 - (8 - (-1 + 4))?
-6
Calculate (21 - (6 + 4)) + -11.
0
Calculate -6 + 3 + 6 - (1 - -8).
-6
Calculate -9 - (-11 - (5 + -14)).
-7
What is 8 + -1 - (18 - (-15 - -16))?
-10
-3 + (1 - 6 - -10)
2
What is the value of -3 + 4 + 0 + 3?
4
Calculate 1 - (-1 - -8 - 5).
-1
Evaluate 1 - -7 - (-24 + 26).
6
Calculate (0 - (2 + 7)) + 6.
-3
Evaluate -11 - (4 - 14) - 5.
-6
Calculate (-4 - -1) + 20 + -7 + -2.
8
What is 7 - 12 - 5 - -6?
-4
What is the value of (1 - (-1 + -1)) + -7?
-4
What is the value of -62 + 70 - (4 + -1)?
5
What is the value of 4 + -6 + 1 - (-3 + 2)?
0
What is the value of -2 + (7 - (1 + 0)) + -1?
3
What is the value of 8 + (5 - 2 - 6) - 0?
5
What is the value of (-1 - 5 - (-62 + 61)) + 3?
-2
Calculate -2 + 4 + -10 + 3 - -7.
2
Calculate 5 + -9 + (4 - 3) + 1.
-2
Calculate 0 - (0 - (-3 + 0)).
-3
What is (-12 - (1 - 26)) + -11?
2
What is 1 - (9 + (-2 - (0 + 2)))?
-4
Evaluate -3 - (-3 - -6 - 8).
2
Evaluate -12 - -26 - (-4 - (-9 - -1)).
10
What is 3 + -8 - -2 - -3?
0
What is (-4 - -2) + -1 + 4?
1
What is the value of 281 - 281 - (-12 + -1 - -2)?
11
What is -5 + (-1 + 3 + -2 - 2)?
-7
What is the value of -3 + (1 - 5 - -2) - -4?
-1
What is (6 - 5) + 4 + 3 + -5?
3
What is (4 - -2) + (-9 - 1)?
-4
(-1 - (2 - 5)) + (-3 - -2)
1
Evaluate (1 - -2) + 63 + -62.
4
1 + -1 + -3 + 8
5
-2 + 0 - (-5 - (-10 + 2))
-5
3 - -3 - (9 - (0 + 3))
0
What is the value of 6 - ((-9 - -2) + 11)?
2
Evaluate 0 - (1 + (4 + -2 - -2)).
-5
Calculate 28 + -24 - (0 - -5).
-1
Evaluate 2 + 2 + -3 + -4.
-3
What is 124 - 121 - (0 - 1)?
4
Evaluate (-10 - -18) + (-1 - 13) - -7.
1
4 - (2 + (-3 - -2 - -1))
2
0 + (-7 - -3 - 0)
-4
Calculate -2 + -3 + (-2 - (-4 - 0)).
-3
Evaluate 3 + (-2 - 1 - 3) + 0.
-3
What is 1 + -4 + (24 - 22)?
-1
Evaluate -5 - -6 - (1 - -6).
-6
Calculate -4 + 5 + -6 - -5.
0
What is 8 + -1 + -4 + -28 + 32?
7
Calculate 1 - -9 - (47 - 41).
4
What is the value of -1 + (-5 - (-8 + 6 - -1))?
-5
-8 + (17 - 7) - -3
5
Evaluate (4 - (2 - -2)) + 5.
5
(1 - (-2 + 4)) + (-4 - 3)
-8
(3 - (-4 + 10 + -5)) + 4
6
Calculate (-3 - (-3 + 0)) + (-1 - 2).
-3
What is (0 - -2) + (2 - 6)?
-2
What is the value of 4 + (8 - 3 - 6)?
3
2 + -1 + -13 + -50 + 57
-5
Evaluate 1 - 1 - (18 - 14).
-4
What is 3 + (6 - 4) + -5 + -8?
-8
(5 - -1) + (-6 - -5)
5
13 - 1 - (51 + -48)
9
-2 - (10 - (1 - (1 - 1)))
-11
Calculate 1 - 3 - -9 - (55 + -57).
9
What is -8 + (2 - 0) + 1 + -1?
-6
Calculate -7 - (-7 - (0 + -4)).
-4
Calculate 6 + -6 + -3 + 1 - -6.
4
What is the value of -6 + -1 + 7 - (2 - -1)?
-3
Evaluate (-11 - -12) + (-3 - -7).
5
Calculate (3 - 2) + -3 - -2 - 2.
-2
Calculate -10 + (3 - (-4 + -1)) - 1.
-3
Evaluate 12 + 2 - 21 - -2.
-5
-3 + (2 - (4 + -1))
-4
4 + (-8 - (-22 + 9))
9
Calculate 13 + -16 + 3 + -6 + -2.
-8
What is (9 - 7) + -9 - -10?
3
What is the value of -8 - (-12 - (10 + -9))?
5
(-2 - 0) + (-11 - 19 - -22)
-10
What is -7 - -11 - (5 + -5)?
4
-1 + 10 + -2 + (-38 - -36)
5
0 + 2 + (-4 - 1) + 0
-3
Calculate -6 + 4 + 8 + -9.
-3
Calculate (1 - -9) + (229 - 233).
6
What is -6 + (1 + (17 - 5) - 0)?
7
Evaluate 6 - (1 - -7) - -10.
8
What is the value of (-7 - -11) + -3 + -3 + -3?
-5
What is the value of (-1 - -2) + -10 - -4?
-5
What is the value of (0 - -2 - -2) + 0?
4
Calculate 3 + -4 + -5 + 3 + -1.
-4
What is 12 - -1 - (82 - 75)?
6
3 - (-3 + 0 - (-4 + -2))
0
What is the value of (14 - 22) + (23 - (-1 - -7))?
9
Evaluate 31 - 4 - 8 - 12.
7
Calculate -3 + 3 + -5 + 2 + 1.
-2
Calculate (13 - 4) + (0 - -1 - 5).
5
Calculate 2 - (-1 - 1 - 1) - 12.
-7
Calculate (0 + -7 - -3) + 2.
-2
What is 4 + -6 + 4 - -3?
5
Evaluate -7 - (1 + 3 + -4 + -2).
-5
Calculate (6 - (-12 - 2)) + -13.
7
What is -2 + -18 + 15 + -4?
-9
Calculate (-4 - -8) + -7 + 0 + 7.
4
What is -5 + 1 - -2 - (-4 - 0)?
2
What is 0 - (2 + -3 + (0 - 0))?
1
What is (0 - -3) + 0 - (0 - 5)?
8
Calculate -4 - -3 - (7 - 7).
-1
What is 0 - 8 - (-2 - (2 + 0))?
-4
Calculate 1 + 2 - (22 + -20 + -4).
5
Evaluate 3 - ((-2 - 1) + 6 - 4).
4
What is (-161 - -150) + (1 - -6)?
-4
Calculate 2 + (0 + (1 - -2) - 1).
4
9 - (-2 - -5) - -1 - 2
5
What is (14 + -4 - 7) + -7?
-4
Evaluate 1 - 0 - (95 + -95).
1
-3 + (2 + (-1 - -4) - -1)
3
Evaluate -5 + (0 + -5 - -9).
-1
What is -3 + 0 + 11 + -9?
-1
What is -15 - (-9 + -4) - (1 - 12)?
9
-19 + 22 - (-3 - (-3 - -3))
6
What is the value of -7 - -7 - -4 - 1?
3
What is the value of -10 + 5 - -6 - (-5 - -2)?
4
Evaluate (5 - 12 - (0 - -3)) + 5.
-5
Evaluate -2 + (-7 - -4 - -1).
-4
Calculate 4 + -5 + (-1 - -2 - 0).
0
What is 2 - -5 - (3 + 0)?
4
-6 - (0 - ((-2 - 6) + 15))
1
What is (3 + 12 - 12) + -1 + 2?
4
What is the value of 1 - 14 - (-13 - (11 + -18))?
-7
What is the value of 1 - (-5 + 9 + -9 + -1)?
7
3 + (-2 - 7 - -4)
-2
What is the value of -11 + 1 + -5 + 7 - -8?
0
What is -1 - (6 + -4) - -8?
5
Evaluate 1 - (4 + -5 + 0).
2
6 + -2 + (10 - 18 - 0)
-4
3 + 7 + (0 - 4) + -2
4
What is the value of (0 - -3) + -7 - -1?
-3
Evaluate -5 + 2 + -2 + 0 + 1.
-4
Evaluate 1 - ((-4 - -14) + -7).
-2
Evaluate -5 + -1 + -7 + -3 + 9.
-7
-17 - -20 - ((0 - 2) + 9)
-4
Evaluate -2 + (6 - (2 - -1)) - 6.
-5
Calculate (-13 - -2) + (11 - 5).
-5
Calculate -5 + 1 + (34 + -17 - 14).
-1
-9 + 9 + 2 + 0 + -2
0
What is the value of 5 - (-2 + 10 + -3)?
0
2 + 0 + (-1 - -3)
4
Calculate -1 + -1 + -12 + 8 - -2.
-4
Calculate 2 + -4 + 3 + 5 + -4.
2
Evaluate -5 + 7 + 10 + -7.
5
What is the value of 7 + -1 + (-2 - 2)?
2
What is the value of -8 + 0 + (-22 + 20 - -3)?
-7
What is the value of (5 - (-1 - -5) - 4) + 2?
-1
What is the value of (-6 - -4) + 4 + -7?
-5
Calculate (-2 - (1 + -4)) + -2.
-1
(1 - -7) + -9 + (11 - 4)
6
What is 3 + 12 + -14 + (1 - 2)?
0
-1 - 5 - (158 + -159)
-5
(-1 - (3 + -1 + 1)) + 3
-1
Evaluate (-5 - -1) + 3 + -1.
-2
(-8 - -8) + -7 + 5 + -2
-4
Evaluate (-2 - 2 - -12) + -3.
5
(-4 - -8) + (14 - 18)
0
Evaluate 0 - 0 - 1 - (6 - 7).
0
Calculate -3 + -5 + 6 + 4.
2
What is -7 + -4 + 6 + (-1 - 0)?
-6
-4 - (-3 - 0 - (0 + -2))
-3
1 - (0 - 1 - (14 - 18))
-2
What is -4 + -5 - (-11 + 9 - -1)?
-8
Calculate -1 - ((-7 - -3 - -4) + -2).
1
4 + -1 + -4 + 1 + 1
1
Calculate -2 + (1 - 1) + 0 + -2.
-4
What is 10 - (0 - -5) - (8 + -4)?
1
What is 1 - 6 - (13 + -8 + -6)?
-4
Calculate -2 + 11 + -9 - (2 + 1).
-3
Evaluate 7 - (-5 - (-1 + -6)).
5
9 - 3 - -3 - 6
3
Evaluate -13 + 0 + 6 + -48 + 49.
-6
Calculate -7 - (18 + -8 + -16).
-1
What is the value of (17 - 17) + 0 + -4 + 7?
3
What is 0 + 7 + (6 + -3 - 5)?
5
What is the value of -9 + (7 - (1 + 0))?
-3
Calculate -6 + (-1 - (2 + (7 - 6))).
-10
Evaluate (4 + -1 - 4) + -1 + -1.
-3
Evaluate 0 - (-4 + 4 - 1 - 0).
1
What is -4 + (1 + 0 - -2) - 0?
-1
Evaluate 4 + (-6 - ((-5 - 5) + 5)).
3
6 + 1 - (4 + -2)
5
What is (1 - -1) + 7 + -9 - 0?
0
What is the value of (-11 - (-3 + -1)) + 8?
1
What is the value of -4 + 3 + 4 + (3 - 9)?
-3
Calculate -1 + 3 + -1 - -3 - 5.
-1
-2 - (3 - 2) - (2 + -3)
-2
Calculate 4 + 1 + -2 + -6 + 0.
-3
What is 8 - (5 - -12 - 4)?
-5
Evaluate -4 + -2 + (-1 - -6).
-1
(6 - 1) + 10 + -19
-4
What is -6 - ((-2 - 3) + 11 - 6)?
-6
-4 + 0 + (-7 - -5) + 2
-4
What is 10 - (11 + 1 + -4 + -7)?
9
What is the value of -1 + -1 + (-2 + 9 - 3)?
2
Calculate -6 - (-4 + (0 - 0) + 0).
-2
Evaluate (-10 - 0) + (7 - 4).
-7
-24 + 30 + -1 + -1
4
Calculate 6 + -1 - (8 - 5) - -5.
7
What is -9 + -1 + 5 - 0?
-5
Calculate -7 - -15 - (4 - -3).
1
Calculate (-10 - (5 - 14)) + 3.
2
2 + -1 - (0 + -2) - 3
0
What is 8 + -8 - (-1 + -2)?
3
Calculate -8 + 3 + (1 - (5 + -9)).
0
-3 - (-4 + 1) - -3 - -2
5
What is -3 - (-